ide 31836228?
False
Does 129 divide 35476032?
True
Is 589858322 a multiple of 14?
False
Is 438 a factor of 169077539?
False
Is 583 a factor of 9301003?
False
Does 7 divide 1512763?
True
Is 243 a factor of 5489127?
True
Is 521357742 a multiple of 206?
False
Is 25039171 a multiple of 15?
False
Does 19 divide 575268909?
True
Is 173 a factor of 799661533?
True
Is 118 a factor of 15104590?
True
Is 41 a factor of 43289380?
False
Does 5 divide 57624457?
False
Is 704406400 a multiple of 209?
False
Is 178 a factor of 237266057?
False
Is 2412 a factor of 152483453?
False
Is 808813000 a multiple of 20?
True
Is 360967174 a multiple of 1879?
True
Is 25 a factor of 193978033?
False
Is 615 a factor of 39831090?
True
Is 429 a factor of 88596222?
True
Is 355 a factor of 90131574?
False
Is 78538571 a multiple of 19?
True
Does 479 divide 589100066?
True
Does 13 divide 1524689894?
True
Does 7768 divide 128498256?
True
Is 337 a factor of 32550670?
False
Does 1932 divide 39725784?
True
Is 1265 a factor of 232321045?
True
Is 344296594 a multiple of 5?
False
Is 14732928 a multiple of 3132?
True
Is 618 a factor of 385247794?
False
Does 46 divide 42005176?
True
Is 27 a factor of 2776437?
True
Is 148 a factor of 377282636?
True
Does 8 divide 47459974?
False
Is 1088433375 a multiple of 15?
True
Is 28089390 a multiple of 14?
True
Is 65 a factor of 52346274?
False
Is 5770233 a multiple of 61?
False
Is 39615089 a multiple of 577?
True
Does 4757 divide 1178672328?
False
Does 1136 divide 144541232?
True
Is 44098532 a multiple of 26?
False
Is 743631339 a multiple of 2669?
False
Is 63 a factor of 1644136992?
False
Does 12 divide 57921720?
True
Is 4 a factor of 5894354?
False
Is 23 a factor of 219398219?
True
Is 72608631 a multiple of 169?
False
Is 142436495 a multiple of 8?
False
Is 143 a factor of 70622479?
False
Is 16 a factor of 383309584?
True
Is 444790621 a multiple of 26?
False
Is 52 a factor of 3342248?
True
Does 194 divide 8959114?
True
Is 825 a factor of 791281857?
False
Is 5 a factor of 37108705?
True
Is 387 a factor of 9329022?
True
Is 26675147 a multiple of 786?
False
Does 2296 divide 808998030?
False
Is 110211200 a multiple of 404?
True
Is 1299262089 a multiple of 312?
False
Does 27 divide 22103334?
True
Is 168 a factor of 156050268?
False
Is 11 a factor of 1227200722?
True
Is 196794290 a multiple of 35?
True
Does 71 divide 174170763?
False
Does 545 divide 99360040?
True
Is 51 a factor of 67113078?
False
Is 36 a factor of 1040626981?
False
Is 22 a factor of 17485009?
False
Is 21348324 a multiple of 437?
True
Does 41 divide 84273793?
False
Does 46 divide 257111243?
False
Is 4907196 a multiple of 84?
True
Is 35 a factor of 7790066?
False
Does 139 divide 4320631103?
True
Is 42 a factor of 162321281?
False
Is 28692321 a multiple of 137?
True
Does 1899 divide 160392348?
False
Is 1728 a factor of 305856?
True
Is 80395359 a multiple of 33?
True
Is 4264965432 a multiple of 5256?
True
Is 534 a factor of 1901016504?
True
Does 120 divide 671299200?
True
Is 635505547 a multiple of 1201?
True
Is 1469 a factor of 151938682?
False
Does 77 divide 2381703?
False
Is 204287642 a multiple of 3874?
True
Is 14223970 a multiple of 95?
True
Is 1244310951 a multiple of 952?
False
Is 38 a factor of 16586444?
False
Is 64207170 a multiple of 423?
True
Does 29 divide 398564777?
True
Does 606 divide 92011243?
False
Is 570 a factor of 71012880?
True
Does 7 divide 287848937?
False
Is 376 a factor of 1428424?
True
Does 26 divide 9525672?
True
Does 176 divide 104073728?
True
Is 12 a factor of 146458613?
False
Is 1164985809 a multiple of 44?
False
Is 335537 a multiple of 2?
False
Is 247697268 a multiple of 91?
True
Is 1924454493 a multiple of 13?
True
Does 512 divide 186227712?
True
Is 11969 a factor of 2211562207?
False
Is 13 a factor of 33918924?
True
Is 2155 a factor of 180481250?
True
Does 3620 divide 32019814?
False
Does 65 divide 10664355?
True
Does 7 divide 17228995?
True
Does 128 divide 40925432?
False
Is 58960845 a multiple of 765?
True
Is 32 a factor of 34969408?
True
Does 678 divide 13947138?
True
Is 73 a factor of 1884173?
False
Is 50754220 a multiple of 51?
False
Is 29 a factor of 1827220?
False
Is 115 a factor of 2787591030?
True
Is 770 a factor of 256148970?
True
Is 6 a factor of 11540562?
True
Is 1970229184 a multiple of 90?
False
Is 5 a factor of 10495426?
False
Does 8 divide 23831104?
True
Is 7 a factor of 600446?
True
Does 1956 divide 3074154565?
False
Is 238 a factor of 69717402?
False
Does 62 divide 11810629?
False
Does 13 divide 195280917?
True
Is 192 a factor of 1640036366?
False
Is 11 a factor of 7090517?
False
Is 20117414 a multiple of 276?
False
Does 3073 divide 1106455161?
True
Is 626 a factor of 25525776?
True
Is 63 a factor of 3463873414?
False
Does 4899 divide 70447620?
True
Is 450374645 a multiple of 19?
False
Is 25981270 a multiple of 1190?
True
Is 10213390 a multiple of 161?
False
Is 6843870 a multiple of 506?
False
Is 2117718014 a multiple of 37?
True
Is 588 a factor of 4392360?
True
Is 18848845 a multiple of 23?
True
Is 7087958 a multiple of 182?
False
Is 12 a factor of 143386404?
True
Does 583 divide 23898919?
True
Is 9 a factor of 16607898?
True
Does 565 divide 141692395?
True
Is 4445909 a multiple of 11?
False
Is 4243 a factor of 49770390?
True
Does 52 divide 2424552?
True
Is 13 a factor of 191248879?
False
Does 2989 divide 63901516?
False
Is 525324195 a multiple of 306?
False
Does 8496 divide 5287247712?
True
Is 552 a factor of 240828570?
False
Is 38 a factor of 61763186?
True
Is 1332827570 a multiple of 1255?
True
Is 95 a factor of 7118065?
True
Is 725994984 a multiple of 88?
True
Is 1790 a factor of 1507928311?
False
Does 16 divide 90323552?
True
Does 7 divide 2086102006?
False
Is 795 a factor of 970109085?
True
Is 836 a factor of 4295836526?
False
Is 975 a factor of 52936650?
True
Does 35 divide 839868345?
False
Does 71 divide 29104036?
True
Is 8 a factor of 88565802?
False
Is 62 a factor of 155530504?
False
Does 459 divide 11299232?
False
Does 392 divide 354248011?
False
Does 242 divide 1439143508?
True
Does 488 divide 2613960357?
False
Is 504638236 a multiple of 6892?
False
Is 665 a factor of 13069245?
True
Is 218480745 a multiple of 35?
True
Is 134353583 a multiple of 13?
True
Is 21 a factor of 952379946?
True
Is 5310630 a multiple of 85?
True
Does 276 divide 267109488?
True
Is 7 a factor of 179074847?
True
Is 199 a factor of 5187532?
True
Is 612594544 a multiple of 43?
False
Does 553 divide 19413065?
True
Is 13 a factor of 22381992?
False
Is 134898660 a multiple of 10?
True
Is 36690348 a multiple of 1028?
True
Is 33298304 a multiple of 128?
True
Is 83 a factor of 10543254?
False
Does 57 divide 32604883?
False
Is 524 a factor of 82434857?
False
Does 349 divide 126628368?
True
Does 30 divide 52031426?
False
Is 29602848 a multiple of 17?
True
Is 278595822 a multiple of 31?
True
Is 264290030 a multiple of 892?
False
Does 674 divide 11036563?
False
Is 13796132 a multiple of 7?
True
Does 118 divide 101293663?
False
Does 878 divide 38190366?
True
Is 3673490 a multiple of 86?
True
Does 40 divide 23674320?
True
Is 5206443080 a multiple of 1692?
False
Is 74982362 a multiple of 1862?
False
Is 1896951 a multiple of 21?
True
Is 51362509 a multiple of 8?
False
Does 4 divide 4277736?
True
Does 11 divide 124055437?
True
Is 35594534 a multiple of 1319?
True
Is 32938380 even?
True
Is 14 a factor of 116385197?
False
Does 43 divide 88410537?
True
Is 609993450 a multiple of 17?
False
Does 36 divide 138897072?
True
Does 977 divide 5732475?
False
Is 109 a factor of 186608327?
True
Does 551 divide 165339121?
True
Is 7 a factor of 15496707?
False
Does 17 divide 10743500?
False
Is 105778035 a multiple of 23?
True
Is 261446372 a multiple of 3614?
False
Does 2102 divide 14880058?
True
Is 1063 a factor of 10722353?
False
Does 2831 divide 24842025?
True
Does 15 divide 40118745?
True
Does 143 divide 1489579234?
True
Is 8361574 a multiple of 326?
True
Is 112718430 a multiple of 2777?
True
Is 1134 a factor of 392721611?
False
Does 15 divide 33548659?
False
Does 404 divide 32537756?
True
Is 6 a factor of 243616830?
True
Does 15 divide 1692896901?
False
Is 509 a factor of 914656931?
False
Does 367 divide 46230773?
False
Does 149 divide 503689761?
False
Is 150132509 a multiple of 2351